2
Let t be 119 - ((0 - 6) + 3). Suppose t = 6*r - 10. What are the prime factors of r?
2, 11
Let v(d) = -d**2 + 20*d + 52. What are the prime factors of v(22)?
2
Suppose -4*x + 31 = p, -x + 185 = 5*p + 4*x. What are the prime factors of p?
3, 13
What are the prime factors of (-9 - (154 - -2))*(-2)/2?
3, 5, 11
Let b be 3/(-2)*(-50)/15. Suppose -3*w + 23 = h, b*h + w = -w + 50. What are the prime factors of h?
2
Let g = 133 + -121. List the prime factors of g.
2, 3
Let j(x) be the second derivative of 3/4*x**4 + 1/3*x**3 + 0 + 1/2*x**2 - 3*x. What are the prime factors of j(-1)?
2
Suppose 3*k - 3 = 3. Suppose -5*n + 7 = -k*r - 4, -n = -3. List the prime factors of r.
2
Let y(z) = 2*z - 8. Let k be y(7). Suppose 3*q - 27 - k = 0. List the prime factors of q.
11
Let n = 5 + -3. Let b be (-6)/n + (-46)/(-2). Let q = b + -14. What are the prime factors of q?
2, 3
Let g be (-14)/(-6) - 1/3. Let i(r) = 2*r - 1 - 2 + 4. What are the prime factors of i(g)?
5
Let z(x) = x + 5. Let d be z(-5). Let l = d + -32. Let n = l - -48. List the prime factors of n.
2
Suppose 0 = -5*k + 787 + 1163. Let g be 18/(-15)*k/(-9). Suppose 0 = -4*d + 24 + g. List the prime factors of d.
19
Suppose -4*a = o + 3, -2*a + 100 - 21 = -3*o. Let m = o + 51. What are the prime factors of m?
2, 7
Suppose -2*h + 35 = 3*n + 3*h, n - 3*h = -7. Suppose n = -4*r + 21. Suppose -48 = -4*x - r. What are the prime factors of x?
11
Let g(l) be the third derivative of -l**5/60 + l**4/4 + 5*l**3/3 + 6*l**2. Let o be (-1)/((-24)/21 + 1). List the prime factors of g(o).
3
Suppose 0 = -3*f + 78 + 159. What are the prime factors of f?
79
Suppose o + d - 7 = -2, 5*o = -3*d + 31. Let t(r) = -r + 12. Let i be t(o). Suppose -i*j + 60 = -j. List the prime factors of j.
2, 5
Let q(l) = -l**2 + 6*l - 4. Let b be q(2). Suppose 3*j = -p + 3*p + 58, -b*p - 4 = j. What are the prime factors of j?
2
Suppose 2*h = -0*h. Suppose -5*j + h*j = 2*b - 49, 3*j + 3*b = 24. List the prime factors of j.
11
Suppose 0 = 2*k + 3*i + 5, 5*i = 5*k + 3 - 28. Suppose k*n + x = -n + 100, -2*n - 3*x = -76. List the prime factors of n.
2
Let p = -3 - -2. Let x(g) = -9*g - 1. Let n be x(p). What are the prime factors of 0 + (-2)/1 + n?
2, 3
Let x be 8/5*(-20)/(-8). Suppose -3*c + c - x = 0, -l + c + 17 = 0. List the prime factors of l.
3, 5
Suppose 0 = m + 4 - 17. What are the prime factors of m?
13
Suppose 2*l - 20 = -5*a, 0*a + 5*a - 35 = l. Let q(n) = 5*n - 3. What are the prime factors of q(a)?
3
Let d be (-3)/(1 + -4) + 2. Suppose 2*r - d*r + 2 = 0. Suppose r*h - c = h + 7, h = 4*c + 7. List the prime factors of h.
7
Suppose -5*s + 23 + 79 = -d, 0 = 2*s + 3*d - 34. Let p = s + 16. List the prime factors of p.
2, 3
Let p = 13 - 11. Suppose 0 = t + t + 2*f - 8, 0 = 3*t - p*f - 12. What are the prime factors of t?
2
Suppose -548 = -4*w + 684. List the prime factors of w.
2, 7, 11
Let t(y) = 6*y. Let f be t(1). Suppose 0 = -4*b + f - 2. List the prime factors of 3 + -2 + (3 - b).
3
Suppose 0 = -l - 0*l + 6. Let c(d) = -d**3 + 8*d**2 - 9*d + 2. Let s be c(l). Suppose f + 9 = 3*p - 3, 4*p - s = 0. List the prime factors of f.
3
Let m(s) be the second derivative of 14*s**4/3 - s**3/6 + 2*s. Let i be m(1). Suppose -4*c - 18 = -3*u - 2, c = 5*u - i. What are the prime factors of u?
2, 3
Let l(k) = 5*k**3 + 6*k**3 + k**2 + 8*k**3 + 2*k - 3*k. What are the prime factors of l(1)?
19
Let g(t) = t**2 - 4*t - 5. Let d be g(5). Suppose d = 4*l - 17 - 7. Suppose 0 = -2*m + m - 2*o - l, 0 = 3*m - 3*o - 18. List the prime factors of m.
2
Suppose -68 = -2*s - 0. List the prime factors of 4/s + 695/17.
41
Suppose 0 = 4*x - 3*c + 12, x - 20 = -x - 5*c. Suppose -2*z - z + 45 = x. What are the prime factors of z?
3, 5
Let m(c) = -c**3 - 4*c**2 - 2*c - 2. Let u be m(-3). Let p = 17 + u. What are the prime factors of p?
2, 3
Suppose -3*c = -5*t + 2*c, 2*c + 4 = t. List the prime factors of 19/(-4 - 18/t).
2, 19
Let v(d) = -25*d. List the prime factors of v(-2).
2, 5
Suppose -5*z + 5 = 0, 0*c + c + 4 = 4*z. Let g(p) be the third derivative of p**4/24 + 11*p**3/6 + p**2. List the prime factors of g(c).
11
Let m(y) = -y**3 - 4*y**2 + 4*y - 3. Let x be m(-5). Suppose -2*g + 54 = -x*b, b + 147 = 5*g + 16. What are the prime factors of g?
2, 13
Let w(m) = m - 10. Let r be w(13). Suppose -6 + 2 = b + r*u, 0 = -2*b + 4*u + 32. What are the prime factors of b?
2
Let w = -852 - -1212. List the prime factors of w.
2, 3, 5
Let t be 5/(-20) - (-297)/4. Suppose -s = s - t. List the prime factors of s.
37
Let b = 3 + -3. What are the prime factors of (b - -1)*(0 - -2)?
2
Suppose -c + 2 = -1. List the prime factors of (c + 0)*(-1 + 2).
3
Suppose 6*d + 696 = 4*t + 4*d, 5*t - 870 = -4*d. List the prime factors of t.
2, 3, 29
Let a(m) = m**2 + 6*m + 4. Let s be a(-9). Let v = s - 20. What are the prime factors of v?
11
Let q be (1/1)/((-1)/(-5)). Suppose 3*o + q*b - 19 = 0, 2*o = -2*o - 3*b + 18. List the prime factors of o.
3
Let u(c) = c - 1. Let t be u(6). Let i = t - -46. What are the prime factors of i?
3, 17
Let j(o) = -o**3 - 9*o**2 - 11. Let r be j(-9). Let f = r - -18. List the prime factors of f.
7
Let b be 9/4 - (-1)/(-4). Suppose -105 = -3*z - 2*x, -39 = -b*z + 4*x + 31. What are the prime factors of z?
5, 7
Let m(v) = v**2 - 10*v - 7. What are the prime factors of m(12)?
17
Let k(q) = -q**3 - 2*q**2 - 2*q + 6. List the prime factors of k(-3).
3, 7
Let f(j) = -j**3 - 8*j**2 - 7*j + 8. Let k be f(-7). Let a = k + -3. Suppose 2*x + a*q - 15 + 5 = 0, -4*q + 32 = 4*x. List the prime factors of x.
2, 5
Suppose 3*a + 16 = 7*a. Suppose -3*j = q - 48, 3*j - 12 = -a*q + 36. List the prime factors of j.
2
Let t = -5 + 7. Suppose t*d - 5*d - 30 = 0. Let g(p) = -p**2 - 11*p + 3. List the prime factors of g(d).
13
Suppose -5*h = 6 - 31. What are the prime factors of h?
5
Let g be (-2)/(-4)*(12 - 6). Suppose 0 = g*f - 0*f. What are the prime factors of (2 - (-1 + f)) + 0?
3
Let o(y) = -6*y - 2. What are the prime factors of o(-1)?
2
Let h(a) = -1. Let z(t) = -2*t - 6. Let y(w) = -12*h(w) - z(w). What are the prime factors of y(14)?
2, 23
Let j(b) = -b + 13. List the prime factors of j(9).
2
Let u(p) be the third derivative of 11*p**5/20 + p**4/24 - p**3/3 - 7*p**2. List the prime factors of u(1).
2
Let v(h) = h**2 - 3*h. Let d be v(4). Suppose 4*s = 4 + d. List the prime factors of s.
2
Suppose -3*u = -7 - 11. Let d = u - 4. What are the prime factors of d?
2
Let t(q) = -2*q**3 - 4*q**2 + 4*q + 3. What are the prime factors of t(-4)?
3, 17
Let z = 3 + 0. List the prime factors of 3/((-1)/(-14)*z).
2, 7
Let h = 8 + -11. List the prime factors of (-9)/(h - -2) - 0.
3
Suppose 3*j = 2*s + 20, 5 = 4*j - 3*s - 21. List the prime factors of j.
2
Let q(t) = -14*t + 2. Let g be q(-2). Let p = 149 - 103. Let z = p - g. List the prime factors of z.
2
What are the prime factors of 2/(-6) + 967/3?
2, 7, 23
Let q = 12 - 7. Suppose 4 = 3*u - q. Suppose u*m + m = 60. List the prime factors of m.
3, 5
Suppose -8 = 3*d - 4*d. Suppose -u - 3*u = -d. List the prime factors of u/(-6) - (-22)/3.
7
Let m = 1 - -1. Suppose 0 = 4*h + m*z + z - 4, 5*z = h - 24. What are the prime factors of h?
2
Suppose j + j = 0. Suppose -3*z = 3*a - 6, 4*z - 8 = 5*a - j*a. Let y = 0 + z. What are the prime factors of y?
2
Let r(w) = 3*w - 3. Let v = -4 + 11. What are the prime factors of r(v)?
2, 3
Let i(h) = -9 + 1 - 1 + h + 2*h. List the prime factors of i(6).
3
Let r = -7 - -13. Let q(v) = 1 + v + 1 + 1. What are the prime factors of q(r)?
3
Suppose 2*k = -l + 142, 166 + 211 = 5*k - 3*l. Let q = -38 + k. What are the prime factors of q?
5, 7
Let a(u) = u**2 + 12*u + 23 + u**3 - 11*u + 4. List the prime factors of a(0).
3
Suppose -b - 2*b + 6 = 4*u, 0 = -2*u - 2*b + 4. Suppose -2*p - 4*v - 6 = u, 5*p - 3*p = -v + 6. Let r(y) = y - 2. What are the prime factors of r(p)?
3
Let s = 39 - -57. List the prime factors of s.
2, 3
Let h(b) = -4*b. Suppose -4*u - 22 = 14. Let x be h(u). Let o = -23 + x. What are the prime factors of o?
13
List the prime factors of (-1)/3*(-237 - 30/5).
3
Let h be 24/18*(-42)/(-4). Suppose -2*a - h = -2*w, 5*a - 6 = 3*a. What are the prime factors of w?
2, 5
Suppose 0 = 19*g - 24*g + 1235. What are the prime factors of g?
13, 19
Suppose -4*y - 2*h = -144, -2*y + y = -4*h - 45. List 